{"id":831,"date":"2023-08-11T09:43:47","date_gmt":"2023-08-11T09:43:47","guid":{"rendered":"https:\/\/woodly.ecom.themepreview.xyz\/home01\/?post_type=product&#038;p=831"},"modified":"2024-04-16T16:50:12","modified_gmt":"2024-04-16T16:50:12","slug":"zodiac-latest-ultra-fiber-chair","status":"publish","type":"product","link":"https:\/\/sofa.servicemanager.com.br\/index.php\/product\/zodiac-latest-ultra-fiber-chair\/","title":{"rendered":"Zodiac &#8211; Cadeira da Mais Nova Ultra Fibra"},"content":{"rendered":"<div class=\"flex-1 overflow-hidden\">\n<div class=\"react-scroll-to-bottom--css-zpexo-79elbk h-full\">\n<div class=\"react-scroll-to-bottom--css-zpexo-1n7m0yu\">\n<div>\n<div class=\"flex flex-col text-sm pb-9\">\n<div class=\"w-full text-token-text-primary\" dir=\"auto\" data-testid=\"conversation-turn-7\">\n<div class=\"px-4 py-2 justify-center text-base md:gap-6 m-auto\">\n<div class=\"flex flex-1 text-base mx-auto gap-3 juice:gap-4 juice:md:gap-6 md:px-5 lg:px-1 xl:px-5 md:max-w-3xl lg:max-w-[40rem] xl:max-w-[48rem]\">\n<div class=\"relative flex w-full flex-col agent-turn\">\n<div class=\"flex-col gap-1 md:gap-3\">\n<div class=\"flex flex-grow flex-col max-w-full\">\n<div class=\"min-h-[20px] text-message flex flex-col items-start gap-3 whitespace-pre-wrap break-words [.text-message+&amp;]:mt-5 overflow-x-auto\" dir=\"auto\" data-message-author-role=\"assistant\" data-message-id=\"8c3d4d13-553b-4bff-9d65-de29ab22701c\">\n<div class=\"markdown prose w-full break-words dark:prose-invert light\">\n<p>Desfrute de um conforto e luxo incompar\u00e1veis com o Sof\u00e1 Reclin\u00e1vel Luxe Lounge. Esta pe\u00e7a requintada de mobili\u00e1rio \u00e9 meticulosamente projetada para proporcionar a voc\u00ea a experi\u00eancia m\u00e1xima de relaxamento na sua sala de estar ou espa\u00e7o de entretenimento.<\/p>\n<p>Fabricado com os melhores materiais, o Sof\u00e1 Reclin\u00e1vel Luxe Lounge combina estilo, funcionalidade e conforto superior. Seu acolchoamento macio e \u00e1rea de assento generosa envolvem voc\u00ea em um abra\u00e7o semelhante a uma nuvem, oferecendo suporte e aconchego incompar\u00e1veis. Seja relaxando com um livro, aproveitando uma maratona de filmes ou simplesmente descontraindo ap\u00f3s um longo dia, este sof\u00e1 reclin\u00e1vel garante que cada momento seja de pura felicidade.<\/p>\n<p>Equipado com um mecanismo de reclina\u00e7\u00e3o suave e sem esfor\u00e7o, o Sof\u00e1 Reclin\u00e1vel Luxe Lounge permite que voc\u00ea encontre sua posi\u00e7\u00e3o perfeita com facilidade. Basta ajustar o encosto e o apoio para os p\u00e9s para o \u00e2ngulo desejado, seja uma posi\u00e7\u00e3o vertical para conversas casuais ou um estado totalmente reclinado para uma soneca rejuvenescedora. O mecanismo confi\u00e1vel<\/p>\n<\/div>\n<\/div>\n<\/div>\n<div class=\"pr-2 lg:pr-0\"><\/div>\n<\/div>\n<div class=\"absolute\">\n<div class=\"flex w-full gap-2 items-center justify-center\"><\/div>\n<\/div>\n<\/div>\n<\/div>\n<\/div>\n<\/div>\n<\/div>\n<\/div>\n<\/div>\n<\/div>\n<\/div>\n<div class=\"w-full pt-2 md:pt-0 dark:border-white\/20 md:border-transparent md:dark:border-transparent md:w-[calc(100%-.5rem)]\">\n<form class=\"stretch mx-2 flex flex-row gap-3 last:mb-2 md:mx-4 md:last:mb-6 lg:mx-auto lg:max-w-2xl xl:max-w-3xl\">\n<div class=\"relative flex h-full flex-1 flex-col\">\n<div class=\"absolute bottom-full left-0 right-0\"><\/div>\n<div class=\"flex w-full items-center\"><\/div>\n<\/div>\n<\/form>\n<\/div>\n<p>&nbsp;<\/p>\n","protected":false},"excerpt":{"rendered":"<p>Desfrute de um conforto e luxo incompar\u00e1veis com o Sof\u00e1 Reclin\u00e1vel Luxe Lounge. Esta pe\u00e7a requintada de mobili\u00e1rio \u00e9 meticulosamente projetada para proporcionar a voc\u00ea a experi\u00eancia m\u00e1xima de relaxamento na sua sala de estar ou espa\u00e7o de entretenimento. Fabricado com os melhores materiais, o Sof\u00e1 Reclin\u00e1vel Luxe Lounge combina estilo, funcionalidade e conforto superior. [&hellip;]<\/p>\n","protected":false},"featured_media":835,"comment_status":"open","ping_status":"closed","template":"","meta":{"_acf_changed":false},"product_cat":[28,43],"product_tag":[62,60,61,59,44],"class_list":{"0":"post-831","1":"product","2":"type-product","3":"status-publish","4":"has-post-thumbnail","6":"product_cat-cadeiras","7":"product_cat-sofa","8":"product_tag-branco","9":"product_tag-cadeira","10":"product_tag-luxo","11":"product_tag-preto","12":"product_tag-sofa","14":"first","15":"instock","16":"sale","17":"shipping-taxable","18":"purchasable","19":"product-type-variable"},"acf":[],"jetpack_sharing_enabled":true,"_links":{"self":[{"href":"https:\/\/sofa.servicemanager.com.br\/index.php\/wp-json\/wp\/v2\/product\/831","targetHints":{"allow":["GET"]}}],"collection":[{"href":"https:\/\/sofa.servicemanager.com.br\/index.php\/wp-json\/wp\/v2\/product"}],"about":[{"href":"https:\/\/sofa.servicemanager.com.br\/index.php\/wp-json\/wp\/v2\/types\/product"}],"replies":[{"embeddable":true,"href":"https:\/\/sofa.servicemanager.com.br\/index.php\/wp-json\/wp\/v2\/comments?post=831"}],"wp:featuredmedia":[{"embeddable":true,"href":"https:\/\/sofa.servicemanager.com.br\/index.php\/wp-json\/wp\/v2\/media\/835"}],"wp:attachment":[{"href":"https:\/\/sofa.servicemanager.com.br\/index.php\/wp-json\/wp\/v2\/media?parent=831"}],"wp:term":[{"taxonomy":"product_cat","embeddable":true,"href":"https:\/\/sofa.servicemanager.com.br\/index.php\/wp-json\/wp\/v2\/product_cat?post=831"},{"taxonomy":"product_tag","embeddable":true,"href":"https:\/\/sofa.servicemanager.com.br\/index.php\/wp-json\/wp\/v2\/product_tag?post=831"}],"curies":[{"name":"wp","href":"https:\/\/api.w.org\/{rel}","templated":true}]}}